[INFO] cloning repository https://github.com/vteremasov/sneak
[INFO] running `Command { std: "git" "-c" "credential.helper=" "-c" "credential.helper=/workspace/cargo-home/bin/git-credential-null" "clone" "--bare" "https://github.com/vteremasov/sneak" "/workspace/cache/git-repos/https%3A%2F%2Fgithub.com%2Fvteremasov%2Fsneak", kill_on_drop: false }`
[INFO] [stderr] Cloning into bare repository '/workspace/cache/git-repos/https%3A%2F%2Fgithub.com%2Fvteremasov%2Fsneak'...
[INFO] running `Command { std: "git" "rev-parse" "HEAD", kill_on_drop: false }`
[INFO] [stdout] 8d5a819b9b9932363f01c654a48a79e8b869925f
[INFO] building vteremasov/sneak against master#881c1ac408d93bb7adaa3a51dabab9266e82eee8 for issue-85264
[INFO] running `Command { std: "git" "clone" "/workspace/cache/git-repos/https%3A%2F%2Fgithub.com%2Fvteremasov%2Fsneak" "/workspace/builds/worker-8/source", kill_on_drop: false }`
[INFO] [stderr] Cloning into '/workspace/builds/worker-8/source'...
[INFO] [stderr] done.
[INFO] validating manifest of git repo https://github.com/vteremasov/sneak on toolchain 881c1ac408d93bb7adaa3a51dabab9266e82eee8
[INFO] running `Command { std: "/workspace/cargo-home/bin/cargo" "+881c1ac408d93bb7adaa3a51dabab9266e82eee8" "metadata" "--manifest-path" "Cargo.toml" "--no-deps", kill_on_drop: false }`
[INFO] started tweaking git repo https://github.com/vteremasov/sneak
[INFO] finished tweaking git repo https://github.com/vteremasov/sneak
[INFO] tweaked toml for git repo https://github.com/vteremasov/sneak written to /workspace/builds/worker-8/source/Cargo.toml
[INFO] crate git repo https://github.com/vteremasov/sneak already has a lockfile, it will not be regenerated
[INFO] running `Command { std: "/workspace/cargo-home/bin/cargo" "+881c1ac408d93bb7adaa3a51dabab9266e82eee8" "fetch" "--manifest-path" "Cargo.toml", kill_on_drop: false }`
[INFO] [stderr]     Blocking waiting for file lock on package cache
[INFO] [stderr]  Downloading crates ...
[INFO] [stderr]   Downloaded tui v0.14.0
[INFO] running `Command { std: "docker" "create" "-v" "/var/lib/crater-agent-workspace/builds/worker-8/target:/opt/rustwide/target:rw,Z" "-v" "/var/lib/crater-agent-workspace/builds/worker-8/source:/opt/rustwide/workdir:ro,Z" "-v" "/var/lib/crater-agent-workspace/cargo-home:/opt/rustwide/cargo-home:ro,Z" "-v" "/var/lib/crater-agent-workspace/rustup-home:/opt/rustwide/rustup-home:ro,Z" "-e" "SOURCE_DIR=/opt/rustwide/workdir" "-e" "CARGO_TARGET_DIR=/opt/rustwide/target" "-e" "CARGO_HOME=/opt/rustwide/cargo-home" "-e" "RUSTUP_HOME=/opt/rustwide/rustup-home" "-w" "/opt/rustwide/workdir" "-m" "1610612736" "--user" "0:0" "--network" "none" "ghcr.io/rust-lang/crates-build-env/linux@sha256:20528e8c29e4536546f0102ce88568b16ea7538393a33fcca951030f7af10457" "/opt/rustwide/cargo-home/bin/cargo" "+881c1ac408d93bb7adaa3a51dabab9266e82eee8" "metadata" "--no-deps" "--format-version=1", kill_on_drop: false }`
[INFO] [stdout] dbd75358de5a43c21590db55c2cf21676381fa74226b2d888f9eae7e4388c95b
[INFO] [stderr] WARNING: Your kernel does not support swap limit capabilities or the cgroup is not mounted. Memory limited without swap.
[INFO] running `Command { std: "docker" "start" "-a" "dbd75358de5a43c21590db55c2cf21676381fa74226b2d888f9eae7e4388c95b", kill_on_drop: false }`
[INFO] running `Command { std: "docker" "inspect" "dbd75358de5a43c21590db55c2cf21676381fa74226b2d888f9eae7e4388c95b", kill_on_drop: false }`
[INFO] running `Command { std: "docker" "rm" "-f" "dbd75358de5a43c21590db55c2cf21676381fa74226b2d888f9eae7e4388c95b", kill_on_drop: false }`
[INFO] [stdout] dbd75358de5a43c21590db55c2cf21676381fa74226b2d888f9eae7e4388c95b
[INFO] running `Command { std: "docker" "create" "-v" "/var/lib/crater-agent-workspace/builds/worker-8/target:/opt/rustwide/target:rw,Z" "-v" "/var/lib/crater-agent-workspace/builds/worker-8/source:/opt/rustwide/workdir:ro,Z" "-v" "/var/lib/crater-agent-workspace/cargo-home:/opt/rustwide/cargo-home:ro,Z" "-v" "/var/lib/crater-agent-workspace/rustup-home:/opt/rustwide/rustup-home:ro,Z" "-e" "SOURCE_DIR=/opt/rustwide/workdir" "-e" "CARGO_TARGET_DIR=/opt/rustwide/target" "-e" "CARGO_INCREMENTAL=0" "-e" "RUST_BACKTRACE=full" "-e" "RUSTFLAGS=--cap-lints=forbid" "-e" "CARGO_HOME=/opt/rustwide/cargo-home" "-e" "RUSTUP_HOME=/opt/rustwide/rustup-home" "-w" "/opt/rustwide/workdir" "-m" "1610612736" "--user" "0:0" "--network" "none" "ghcr.io/rust-lang/crates-build-env/linux@sha256:20528e8c29e4536546f0102ce88568b16ea7538393a33fcca951030f7af10457" "/opt/rustwide/cargo-home/bin/cargo" "+881c1ac408d93bb7adaa3a51dabab9266e82eee8" "build" "--frozen" "--message-format=json", kill_on_drop: false }`
[INFO] [stdout] d4ebdf204568d59e48c5a40e0ab7f989381d1e7f3326189ac14447ea2e77a100
[INFO] [stderr] WARNING: Your kernel does not support swap limit capabilities or the cgroup is not mounted. Memory limited without swap.
[INFO] running `Command { std: "docker" "start" "-a" "d4ebdf204568d59e48c5a40e0ab7f989381d1e7f3326189ac14447ea2e77a100", kill_on_drop: false }`
[INFO] [stderr]    Compiling libc v0.2.82
[INFO] [stderr]    Compiling log v0.4.13
[INFO] [stderr]    Compiling syn v1.0.58
[INFO] [stderr]    Compiling pin-project-internal v0.4.27
[INFO] [stderr]    Compiling serde v1.0.120
[INFO] [stderr]    Compiling getrandom v0.2.2
[INFO] [stderr]    Compiling numtoa v0.1.0
[INFO] [stderr]    Compiling regex-syntax v0.6.22
[INFO] [stderr]    Compiling tokio v1.0.2
[INFO] [stderr]    Compiling indexmap v1.6.1
[INFO] [stderr]    Compiling http v0.2.3
[INFO] [stderr]    Compiling openssl-sys v0.9.60
[INFO] [stderr]    Compiling idna v0.2.0
[INFO] [stderr]    Compiling openssl v0.10.32
[INFO] [stderr]    Compiling native-tls v0.2.7
[INFO] [stderr]    Compiling want v0.3.0
[INFO] [stderr]    Compiling url v2.2.0
[INFO] [stderr]    Compiling num_cpus v1.13.0
[INFO] [stderr]    Compiling mio v0.7.7
[INFO] [stderr]    Compiling socket2 v0.3.19
[INFO] [stderr]    Compiling termion v1.5.5
[INFO] [stderr]    Compiling rand_core v0.6.1
[INFO] [stderr]    Compiling rand_chacha v0.3.0
[INFO] [stderr]    Compiling tui v0.14.0
[INFO] [stderr]    Compiling rand v0.8.2
[INFO] [stderr]    Compiling regex v1.4.3
[INFO] [stderr]    Compiling http-body v0.4.0
[INFO] [stderr]    Compiling serde_urlencoded v0.7.0
[INFO] [stderr]    Compiling serde_json v1.0.61
[INFO] [stderr]    Compiling tokio-stream v0.1.2
[INFO] [stderr]    Compiling tokio-native-tls v0.3.0
[INFO] [stderr]    Compiling tokio-util v0.6.1
[INFO] [stderr]    Compiling pin-project-internal v1.0.4
[INFO] [stderr]    Compiling pin-project v1.0.4
[INFO] [stderr]    Compiling pin-project v0.4.27
[INFO] [stderr]    Compiling tracing-futures v0.2.4
[INFO] [stderr]    Compiling h2 v0.3.0
[INFO] [stderr]    Compiling hyper v0.14.2
[INFO] [stderr]    Compiling hyper-tls v0.5.0
[INFO] [stderr]    Compiling reqwest v0.11.0
[INFO] [stderr]    Compiling sneak v0.1.0 (/opt/rustwide/workdir)
[INFO] [stdout] error[E0433]: failed to resolve: use of undeclared crate or module `rayon`
[INFO] [stdout]  --> src/lib/files.rs:1:5
[INFO] [stdout]   |
[INFO] [stdout] 1 | use rayon::prelude::*;
[INFO] [stdout]   |     ^^^^^ use of undeclared crate or module `rayon`
[INFO] [stdout] 
[INFO] [stdout] 
[INFO] [stdout] error[E0432]: unresolved import `crate::lib::ui`
[INFO] [stdout]  --> src/main.rs:4:17
[INFO] [stdout]   |
[INFO] [stdout] 4 | use crate::lib::ui::ui_get_to_report;
[INFO] [stdout]   |                 ^^ could not find `ui` in `lib`
[INFO] [stdout] 
[INFO] [stdout] 
[INFO] [stdout] error[E0599]: no method named `par_iter` found for struct `Vec<DirEntry>` in the current scope
[INFO] [stdout]   --> src/lib/files.rs:62:10
[INFO] [stdout]    |
[INFO] [stdout] 62 |         .par_iter()
[INFO] [stdout]    |          ^^^^^^^^ method not found in `Vec<DirEntry>`
[INFO] [stdout] 
[INFO] [stdout] 
[INFO] [stdout] error: aborting due to 3 previous errors
[INFO] [stdout] 
[INFO] [stdout] 
[INFO] [stdout] Some errors have detailed explanations: E0432, E0433, E0599.
[INFO] [stdout] 
[INFO] [stdout] For more information about an error, try `rustc --explain E0432`.
[INFO] [stdout] 
[INFO] [stderr] error: could not compile `sneak`
[INFO] [stderr] 
[INFO] [stderr] To learn more, run the command again with --verbose.
[INFO] running `Command { std: "docker" "inspect" "d4ebdf204568d59e48c5a40e0ab7f989381d1e7f3326189ac14447ea2e77a100", kill_on_drop: false }`
[INFO] running `Command { std: "docker" "rm" "-f" "d4ebdf204568d59e48c5a40e0ab7f989381d1e7f3326189ac14447ea2e77a100", kill_on_drop: false }`
[INFO] [stdout] d4ebdf204568d59e48c5a40e0ab7f989381d1e7f3326189ac14447ea2e77a100
